{"id":1232,"date":"2019-02-11T17:32:57","date_gmt":"2019-02-11T16:32:57","guid":{"rendered":"https:\/\/www.selbstverstaendlich.de\/blog\/?page_id=1232"},"modified":"2023-04-10T08:36:29","modified_gmt":"2023-04-10T07:36:29","slug":"onlinemarketing-buecher","status":"publish","type":"page","link":"https:\/\/www.selbstverstaendlich.de\/blog\/onlinemarketing-buecher\/","title":{"rendered":"B\u00fccher, Links, Tipps &#038; Tricks"},"content":{"rendered":"\n<p>Eine kleine \u00dcbersicht &#8211; immer wieder aktualisiert &#8211; mit Buchtipps, Links, Tipps &amp; Tricks aus meinen laufenden <a href=\"https:\/\/www.didaris.com\/course_info.php?lp_id=327\" target=\"_blank\" rel=\"nofollow\">Weiterbildungskursen zum Online Marketing Manager (IHK)<\/a>.<\/p>\n\n\n\n<p>Letzte Aktualisierung: M\u00e4rz 2023<\/p>\n\n\n\n<p><em>Hinweis: Die Amazon-Links und weitere Links sind Affiliate-Links. Wird dar\u00fcber einkauft, bekomme ich eine kleine Provision. Alle diese Affiliate-Erl\u00f6se spende ich<\/em>, <em>Monat f\u00fcr Monat.<\/em><\/p>\n\n\n\n<p><\/p>\n\n\n\n<p><\/p>\n\n\n\n<h2 class=\"wp-block-heading\" id=\"yui_3_17_2_1_1549901808638_1375\">Onlinemarketing-Fachb\u00fccher<\/h2>\n\n\n\n<p>Beilharz, Felix &amp; Expertenteam:&nbsp;<a href=\"http:\/\/amzn.to\/2BJgI1V\" target=\"_blank\" rel=\"noreferrer noopener nofollow\">Der Online Marketing Manager. Handbuch f\u00fcr die Praxis (2017), O&#8217;Reilly<\/a><\/p>\n\n\n\n<p>Brown, Dan:&nbsp;<a href=\"http:\/\/amzn.to\/2nM4nAP\" target=\"_blank\" rel=\"noreferrer noopener nofollow\">Konzeption und Dokumentation erfolgreicher Webprojekte (2009), mitp<\/a><\/p>\n\n\n\n<p>Chaffey, Dave:\u00a0<a href=\"https:\/\/amzn.to\/3UmYRDn\" target=\"_blank\" rel=\"noreferrer noopener nofollow\">Digital Business and E-Commerce Management. Strategy, Implementation and Practice (7. Auflage 2019),\u00a0Pearson<\/a><\/p>\n\n\n\n<p>Chaffey\/Ellis-Chadwick:\u00a0<a href=\"https:\/\/amzn.to\/3mnwR60\" target=\"_blank\" rel=\"noreferrer noopener nofollow\">Digital Marketing. Strategy, Implementation and Practice (8. Auflage 2022), Pearson Education<\/a><\/p>\n\n\n\n<p>Chaffey\/Smith:\u00a0<a href=\"https:\/\/amzn.to\/3ZOwaQY\" target=\"_blank\" rel=\"noreferrer noopener nofollow\">Digital Marketing Excellence. Planning, Optimizing and Integrating Online Marketing (6. Auflage 2022), Taylor &amp; Francis Ltd.<\/a><\/p>\n\n\n\n<p>Dark Horse Innovation:&nbsp;<a href=\"http:\/\/amzn.to\/2E4MQhZ\" target=\"_blank\" rel=\"noreferrer noopener nofollow\">Digital Innovation Playbook. Das unverzichtbare Arbeitsbuch f\u00fcr Gr\u00fcnder, Macher und Manager (2. Auflage 2016), Murmann Publishers GmbH<\/a><\/p>\n\n\n\n<p>Enge\/Spencer\/Stricchiola\/Fishkin:&nbsp;<a href=\"http:\/\/amzn.to\/2sccRGP\" target=\"_blank\" rel=\"noreferrer noopener nofollow\">Die Kunst des SEO. Strategie und Praxis erfolgreicher Suchmaschinenoptimierung (2. Auflage 2012), O&#8217;Reilly<\/a><\/p>\n\n\n\n<p>Erlhofer, Sebastian:&nbsp;<a href=\"http:\/\/amzn.to\/2GUbBeA\" target=\"_blank\" rel=\"noreferrer noopener nofollow\">Suchmaschinen-Optimierung: Das umfassende Handbuch. Das SEO-Standardwerk im deutschsprachigen Raum. On- und Offpage-Optimierung f\u00fcr Google und Co. (8. Auflage 2015), Rheinwerk&nbsp;Computing<\/a><\/p>\n\n\n\n<p>Erholfer, Sebastian:&nbsp;<a href=\"http:\/\/amzn.to\/2FQFNWS\" target=\"_blank\" rel=\"noreferrer noopener nofollow\">Website-Konzeption und Relaunch: Das Handbuch f\u00fcr die Praxis. Konzepte entwickeln, Seiten optimieren, Besucher begeistern (2017), Rheinwerk Computing<\/a><br><\/p>\n\n\n\n<p>Ferguson, Niall:&nbsp;<a href=\"http:\/\/amzn.to\/2nGk8dk\" target=\"_blank\" rel=\"noreferrer noopener nofollow\">The Square and the Tower. Networks, Hierarchies and the Struggle for Global Power (2018), Penguin Press<\/a><\/p>\n\n\n\n<p>Fitzpatrick, Rob:&nbsp;<a href=\"http:\/\/amzn.to\/2nGBgQb\" target=\"_blank\" rel=\"noreferrer noopener nofollow\">The Mom Test. How to talk to costumers and learn if your business is a good idea when everyone is lying to you (2013), CreateSpace Independent Publishing Plattform<\/a><\/p>\n\n\n\n<p>Fuchs, Werner:&nbsp;<a href=\"http:\/\/amzn.to\/2nNVtCR\" target=\"_blank\" rel=\"noreferrer noopener nofollow\">Crashkurs Storytelling. Grundlagen und Umsetzungen (2017), Haufe Lexware<\/a><\/p>\n\n\n\n<p>Goward, Chris:&nbsp;<a href=\"http:\/\/amzn.to\/2GTT5TU\" target=\"_blank\" rel=\"noreferrer noopener nofollow\">You Should Test That! Conversation Optimization for More Leads, Sales, and Profit or The Art and Science of Improving Websites (2013), Sybex<\/a><\/p>\n\n\n\n<p>Hentrich\/Pachmajer:&nbsp;<a href=\"http:\/\/amzn.to\/2nNnQRD\" target=\"_blank\" rel=\"noreferrer noopener nofollow\">d.quarksX. Auf den Punkt zum digitalen Unternehmen (2017), Murmann Publishers<\/a><\/p>\n\n\n\n<p>Hentrich\/Pachmajer:&nbsp;<a href=\"http:\/\/amzn.to\/2BHyL8C\" target=\"_blank\" rel=\"noreferrer noopener nofollow\">d.quarks. Der Weg zum digitalen Unternehmen (2016), Murmann Publishers<\/a><\/p>\n\n\n\n<p>Herbst\/Musiolik:&nbsp;<a href=\"http:\/\/amzn.to\/2FRAaYu\" target=\"_blank\" rel=\"noreferrer noopener nofollow\">Digital Storytelling. Spannende Geschichten f\u00fcr interne Kommunikation, Werbung und PR (2016), Herbert von Hallen Verlag<\/a><\/p>\n\n\n\n<p>Jacobsen, Jens:&nbsp;<a href=\"http:\/\/amzn.to\/2rShC8g\" target=\"_blank\" rel=\"noreferrer noopener nofollow\">Website-Konzeption Erfolgreiche Websites planen, umsetzen und betreiben (7. Auflage 2017), d.punkt<\/a><\/p>\n\n\n\n<p>Ke\u00dfler\/Rabsch\/Mandic:<a href=\"http:\/\/amzn.to\/2GRF4G2\" target=\"_blank\" rel=\"noreferrer noopener nofollow\">Erfolgreiche Websites: SEO, SEM, Online-Marketing, Kundenbindung, Usability (3. Auflage 2015), Rheinwerk Computing<\/a><\/p>\n\n\n\n<p>Knapp\/Zeratsky\/Kowitz:&nbsp;<a href=\"http:\/\/amzn.to\/2nNvrQ9\" target=\"_blank\" rel=\"noreferrer noopener nofollow\">Sprint. How to Solve Big Problems and Test New Ideas in Just Five Days (2016), Simon &amp; Schuster<\/a><\/p>\n\n\n\n<p>Kreutzer, Ralf:&nbsp;<a href=\"http:\/\/amzn.to\/2GU7U8D\" target=\"_blank\" rel=\"noreferrer noopener nofollow\">Online-Marketing. Studienwissen kompakt (2016), Springer Gabler<\/a><\/p>\n\n\n\n<p>Kreutzer, Ralf:&nbsp;<a href=\"http:\/\/amzn.to\/2FQJBHt\" target=\"_blank\" rel=\"noreferrer noopener nofollow\">Praxisorientiertes Online-Marketing. Konzepte &#8211; Instrumente &#8211; Checklisten (3. Auflage 2018), Springer Gabler<\/a><\/p>\n\n\n\n<p>Kulka, Ren\u00e9:&nbsp;<a href=\"http:\/\/amzn.to\/2nGaDL8\" target=\"_blank\" rel=\"noreferrer noopener nofollow\">E-Mail-Marketing. Das umfassende Praxis-Handbuch (2013), mitp<\/a><\/p>\n\n\n\n<p>Osterwalder\/Pigneur:&nbsp;<a href=\"http:\/\/amzn.to\/2nGHjEb\" target=\"_blank\" rel=\"noreferrer noopener nofollow\">Business Model Generation. Ein Handbuch f\u00fcr Vision\u00e4re, Spielver\u00e4nderer und Herausforderer (2011), Campus Verlag<\/a><\/p>\n\n\n\n<p>Ryan, Damian: Understanding Digital Marketing: A<a href=\"https:\/\/amzn.to\/3KosS15\" target=\"_blank\" rel=\"noreferrer noopener nofollow\"> Complete Guide to Engaging Customers and Implementing Successful Digital Campaigns (2020), Kogan Page<\/a><\/p>\n\n\n\n<p>Schl\u00f6mer, Britta:\u00a0<a rel=\"noreferrer noopener nofollow\" href=\"http:\/\/amzn.to\/2GTWSAC\" target=\"_blank\">Inbound! Das Handbuch f\u00fcr modernes Marketing. Mit vielen Best Practices f\u00fcr alle g\u00e4ngigen Marketing-Automationssysteme (2017), Rheinwerk Computing<\/a><\/p>\n\n\n\n<p>Scott, David Meerman:&nbsp;<a href=\"http:\/\/amzn.to\/2ElmTdp\" target=\"_blank\" rel=\"noreferrer noopener nofollow\">The New Rules of Marketing and PR. How to Use Social Media, Online Video, Mobile Applications, Blogs, News Releases, and Viral Marketing to Reach Buyers Directly (6. Auflage 2017), Wiley<\/a><\/p>\n\n\n\n<p>Weller\/Harmanus:&nbsp;<a href=\"http:\/\/amzn.to\/2BZvg9v\" target=\"_blank\" rel=\"noreferrer noopener nofollow\">Content Design. Durch Gestaltung die Konversion beeinflussen (2017), Carl Hanser Verlag<\/a><\/p>\n\n\n\n<p>Wirth, Thomas:&nbsp;<a href=\"http:\/\/amzn.to\/2nNOCJB\" target=\"_blank\" rel=\"noreferrer noopener nofollow\">Missing Links. \u00dcber gutes Webdesign (2. Auflage 2004), Carl Hanser Verlag&nbsp;<\/a><\/p>\n\n\n\n<h3 class=\"wp-block-heading\">Tools<\/h3>\n\n\n\n<p><strong>Keywordtool.io<\/strong>&nbsp;(auch die kostenlose Version ist sehr gut brauchbar)<\/p>\n\n\n\n<p><a href=\"https:\/\/keywordtool.io\/\" target=\"_blank\" rel=\"nofollow\">https:\/\/keywordtool.io\/<\/a><\/p>\n","protected":false},"excerpt":{"rendered":"<p>Eine kleine \u00dcbersicht &#8211; immer wieder aktualisiert &#8211; mit Buchtipps, Links, Tipps &amp; Tricks aus meinen laufenden Weiterbildungskursen zum Online Marketing Manager (IHK). Letzte Aktualisierung: M\u00e4rz 2023 Hinweis: Die Amazon-Links und weitere Links sind Affiliate-Links. Wird dar\u00fcber einkauft, bekomme ich eine kleine Provision. Alle diese Affiliate-Erl\u00f6se spende ich, Monat f\u00fcr Monat. Onlinemarketing-Fachb\u00fccher Beilharz, Felix &amp; [&hellip;]<\/p>\n","protected":false},"author":2,"featured_media":0,"parent":0,"menu_order":0,"comment_status":"closed","ping_status":"closed","template":"","meta":{"content-type":"","footnotes":""},"class_list":["post-1232","page","type-page","status-publish","hentry"],"_links":{"self":[{"href":"https:\/\/www.selbstverstaendlich.de\/blog\/wp-json\/wp\/v2\/pages\/1232","targetHints":{"allow":["GET"]}}],"collection":[{"href":"https:\/\/www.selbstverstaendlich.de\/blog\/wp-json\/wp\/v2\/pages"}],"about":[{"href":"https:\/\/www.selbstverstaendlich.de\/blog\/wp-json\/wp\/v2\/types\/page"}],"author":[{"embeddable":true,"href":"https:\/\/www.selbstverstaendlich.de\/blog\/wp-json\/wp\/v2\/users\/2"}],"replies":[{"embeddable":true,"href":"https:\/\/www.selbstverstaendlich.de\/blog\/wp-json\/wp\/v2\/comments?post=1232"}],"version-history":[{"count":12,"href":"https:\/\/www.selbstverstaendlich.de\/blog\/wp-json\/wp\/v2\/pages\/1232\/revisions"}],"predecessor-version":[{"id":1306,"href":"https:\/\/www.selbstverstaendlich.de\/blog\/wp-json\/wp\/v2\/pages\/1232\/revisions\/1306"}],"wp:attachment":[{"href":"https:\/\/www.selbstverstaendlich.de\/blog\/wp-json\/wp\/v2\/media?parent=1232"}],"curies":[{"name":"wp","href":"https:\/\/api.w.org\/{rel}","templated":true}]}}